{"id":984,"date":"2023-08-22T17:21:04","date_gmt":"2023-08-22T20:21:04","guid":{"rendered":"https:\/\/cearenascer.com.br\/br\/?page_id=984"},"modified":"2026-01-30T16:33:19","modified_gmt":"2026-01-30T19:33:19","slug":"escola-praise-de-danca","status":"publish","type":"page","link":"https:\/\/unirenascer.com\/br\/cursos\/escola-praise-de-danca\/","title":{"rendered":"Escola Praise de Dan\u00e7a"},"content":{"rendered":"\t\t<div data-elementor-type=\"wp-page\" data-elementor-id=\"984\" class=\"elementor elementor-984\" data-elementor-post-type=\"page\">\n\t\t\t\t\t\t<section class=\"elementor-section elementor-top-section elementor-element elementor-element-d6e02f3 elementor-section-full_width elementor-section-stretched elementor-section-height-default elementor-section-height-default\" data-id=\"d6e02f3\" data-element_type=\"section\" data-settings=\"{&quot;stretch_section&quot;:&quot;section-stretched&quot;}\">\n\t\t\t\t\t\t<div class=\"elementor-container elementor-column-gap-wider\">\n\t\t\t\t\t<div class=\"elementor-column elementor-col-100 elementor-top-column elementor-element elementor-element-f7d8893\" data-id=\"f7d8893\" data-element_type=\"column\" data-settings=\"{&quot;background_background&quot;:&quot;classic&quot;}\">\n\t\t\t<div class=\"elementor-widget-wrap elementor-element-populated\">\n\t\t\t\t\t\t<section class=\"elementor-section elementor-inner-section elementor-element elementor-element-745b2fd elementor-section-boxed elementor-section-height-default elementor-section-height-default\" data-id=\"745b2fd\" data-element_type=\"section\">\n\t\t\t\t\t\t<div class=\"elementor-container elementor-column-gap-default\">\n\t\t\t\t\t<div class=\"elementor-column elementor-col-100 elementor-inner-column elementor-element elementor-element-e01fdf5\" data-id=\"e01fdf5\" data-element_type=\"column\">\n\t\t\t<div class=\"elementor-widget-wrap elementor-element-populated\">\n\t\t\t\t\t\t<div class=\"elementor-element elementor-element-7ca8858 elementor-widget__width-auto elementor-widget elementor-widget-heading\" data-id=\"7ca8858\" data-element_type=\"widget\" data-widget_type=\"heading.default\">\n\t\t\t\t<div class=\"elementor-widget-container\">\n\t\t\t\t\t<h6 class=\"elementor-heading-title elementor-size-default\">Cursos UniRenascer<\/h6>\t\t\t\t<\/div>\n\t\t\t\t<\/div>\n\t\t\t\t<div class=\"elementor-element elementor-element-4cc0f03 elementor-widget elementor-widget-spacer\" data-id=\"4cc0f03\" data-element_type=\"widget\" data-widget_type=\"spacer.default\">\n\t\t\t\t<div class=\"elementor-widget-container\">\n\t\t\t\t\t\t\t<div class=\"elementor-spacer\">\n\t\t\t<div class=\"elementor-spacer-inner\"><\/div>\n\t\t<\/div>\n\t\t\t\t\t\t<\/div>\n\t\t\t\t<\/div>\n\t\t\t\t<div class=\"elementor-element elementor-element-9632d07 elementor-widget__width-initial elementor-widget elementor-widget-heading\" data-id=\"9632d07\" data-element_type=\"widget\" data-widget_type=\"heading.default\">\n\t\t\t\t<div class=\"elementor-widget-container\">\n\t\t\t\t\t<h1 class=\"elementor-heading-title elementor-size-default\">Escola Praise de Dan\u00e7a<\/h1>\t\t\t\t<\/div>\n\t\t\t\t<\/div>\n\t\t\t\t\t<\/div>\n\t\t<\/div>\n\t\t\t\t\t<\/div>\n\t\t<\/section>\n\t\t\t\t<section class=\"elementor-section elementor-inner-section elementor-element elementor-element-94b3743 elementor-section-boxed elementor-section-height-default elementor-section-height-default\" data-id=\"94b3743\" data-element_type=\"section\">\n\t\t\t\t\t\t<div class=\"elementor-container elementor-column-gap-default\">\n\t\t\t\t\t<div class=\"elementor-column elementor-col-100 elementor-inner-column elementor-element elementor-element-c67065a\" data-id=\"c67065a\" data-element_type=\"column\">\n\t\t\t<div class=\"elementor-widget-wrap elementor-element-populated\">\n\t\t\t\t\t\t<div class=\"elementor-element elementor-element-32a271e elementor-widget elementor-widget-text-editor\" data-id=\"32a271e\" data-element_type=\"widget\" data-widget_type=\"text-editor.default\">\n\t\t\t\t<div class=\"elementor-widget-container\">\n\t\t\t\t\t\t\t\t\t<p>Escola de dan\u00e7a pioneira no Brasil com princ\u00edpios crist\u00e3os a mais de 20 anos.<br \/>Idealizada e dirigida por John e Carol Bassi, refer\u00eancias na dan\u00e7a no Brasil e diversos pa\u00edses.<br \/>Cada instrutor e profissional selecionado para ministrar as aulas s\u00e3o escolhidos com crit\u00e9rios para garantir a qualidade e excel\u00eancia em cada aula e atividade proposta.<br \/>\u00c9 o centro de capacita\u00e7\u00e3o em dan\u00e7a oficial da igreja Renascer em Cristo e com cobertura administrativa da UniRenascer.<br \/>Agrega alunos de diferentes idades e aberto para todas as denomina\u00e7\u00f5es e quem deseja se aprimorar nas variadas t\u00e9cnicas da dan\u00e7a.<\/p>\t\t\t\t\t\t\t\t<\/div>\n\t\t\t\t<\/div>\n\t\t\t\t\t<\/div>\n\t\t<\/div>\n\t\t\t\t\t<\/div>\n\t\t<\/section>\n\t\t\t\t\t<\/div>\n\t\t<\/div>\n\t\t\t\t\t<\/div>\n\t\t<\/section>\n\t\t\t\t<section class=\"elementor-section elementor-top-section elementor-element elementor-element-63177d2 elementor-section-stretched elementor-section-boxed elementor-section-height-default elementor-section-height-default\" data-id=\"63177d2\" data-element_type=\"section\" data-settings=\"{&quot;stretch_section&quot;:&quot;section-stretched&quot;}\">\n\t\t\t\t\t\t<div class=\"elementor-container elementor-column-gap-wider\">\n\t\t\t\t\t<div class=\"elementor-column elementor-col-100 elementor-top-column elementor-element elementor-element-e04cd8e\" data-id=\"e04cd8e\" data-element_type=\"column\">\n\t\t\t<div class=\"elementor-widget-wrap elementor-element-populated\">\n\t\t\t\t\t\t<section class=\"elementor-section elementor-inner-section elementor-element elementor-element-5a8c8f1 elementor-section-content-middle elementor-section-boxed elementor-section-height-default elementor-section-height-default\" data-id=\"5a8c8f1\" data-element_type=\"section\">\n\t\t\t\t\t\t<div class=\"elementor-container elementor-column-gap-default\">\n\t\t\t\t\t<div class=\"elementor-column elementor-col-50 elementor-inner-column elementor-element elementor-element-f54f012\" data-id=\"f54f012\" data-element_type=\"column\" data-settings=\"{&quot;background_background&quot;:&quot;classic&quot;}\">\n\t\t\t<div class=\"elementor-widget-wrap elementor-element-populated\">\n\t\t\t\t\t\t<div class=\"elementor-element elementor-element-ddb433e elementor-widget elementor-widget-heading\" data-id=\"ddb433e\" data-element_type=\"widget\" data-widget_type=\"heading.default\">\n\t\t\t\t<div class=\"elementor-widget-container\">\n\t\t\t\t\t<h4 class=\"elementor-heading-title elementor-size-default\">Para quem \u00e9 esse curso?<\/h4>\t\t\t\t<\/div>\n\t\t\t\t<\/div>\n\t\t\t\t<div class=\"elementor-element elementor-element-0da7a97 elementor-widget elementor-widget-text-editor\" data-id=\"0da7a97\" data-element_type=\"widget\" data-widget_type=\"text-editor.default\">\n\t\t\t\t<div class=\"elementor-widget-container\">\n\t\t\t\t\t\t\t\t\t<ul><li>Para todas as idades e n\u00edveis t\u00e9cnicos.<\/li><\/ul>\t\t\t\t\t\t\t\t<\/div>\n\t\t\t\t<\/div>\n\t\t\t\t<div class=\"elementor-element elementor-element-d8b3393 elementor-widget elementor-widget-spacer\" data-id=\"d8b3393\" data-element_type=\"widget\" data-widget_type=\"spacer.default\">\n\t\t\t\t<div class=\"elementor-widget-container\">\n\t\t\t\t\t\t\t<div class=\"elementor-spacer\">\n\t\t\t<div class=\"elementor-spacer-inner\"><\/div>\n\t\t<\/div>\n\t\t\t\t\t\t<\/div>\n\t\t\t\t<\/div>\n\t\t\t\t<div class=\"elementor-element elementor-element-dd38a34 elementor-widget elementor-widget-heading\" data-id=\"dd38a34\" data-element_type=\"widget\" data-widget_type=\"heading.default\">\n\t\t\t\t<div class=\"elementor-widget-container\">\n\t\t\t\t\t<h4 class=\"elementor-heading-title elementor-size-default\">Diretores art\u00edsticos<\/h4>\t\t\t\t<\/div>\n\t\t\t\t<\/div>\n\t\t\t\t<div class=\"elementor-element elementor-element-56585ce elementor-widget elementor-widget-text-editor\" data-id=\"56585ce\" data-element_type=\"widget\" data-widget_type=\"text-editor.default\">\n\t\t\t\t<div class=\"elementor-widget-container\">\n\t\t\t\t\t\t\t\t\t<p>Bispo John e Pastora Carol Bassi<\/p>\t\t\t\t\t\t\t\t<\/div>\n\t\t\t\t<\/div>\n\t\t\t\t<div class=\"elementor-element elementor-element-4f2c8ee elementor-widget elementor-widget-spacer\" data-id=\"4f2c8ee\" data-element_type=\"widget\" data-widget_type=\"spacer.default\">\n\t\t\t\t<div class=\"elementor-widget-container\">\n\t\t\t\t\t\t\t<div class=\"elementor-spacer\">\n\t\t\t<div class=\"elementor-spacer-inner\"><\/div>\n\t\t<\/div>\n\t\t\t\t\t\t<\/div>\n\t\t\t\t<\/div>\n\t\t\t\t<div class=\"elementor-element elementor-element-bedd513 elementor-widget elementor-widget-heading\" data-id=\"bedd513\" data-element_type=\"widget\" data-widget_type=\"heading.default\">\n\t\t\t\t<div class=\"elementor-widget-container\">\n\t\t\t\t\t<h4 class=\"elementor-heading-title elementor-size-default\">Contrata\u00e7\u00e3o<\/h4>\t\t\t\t<\/div>\n\t\t\t\t<\/div>\n\t\t\t\t<div class=\"elementor-element elementor-element-d0491bb elementor-widget elementor-widget-text-editor\" data-id=\"d0491bb\" data-element_type=\"widget\" data-widget_type=\"text-editor.default\">\n\t\t\t\t<div class=\"elementor-widget-container\">\n\t\t\t\t\t\t\t\t\t<p>As aulas podem ser contratadas com cobran\u00e7a recorrente, acessando o link abaixo.<\/p>\t\t\t\t\t\t\t\t<\/div>\n\t\t\t\t<\/div>\n\t\t\t\t<div class=\"elementor-element elementor-element-41fcafd elementor-mobile-align-center elementor-widget elementor-widget-button\" data-id=\"41fcafd\" data-element_type=\"widget\" data-widget_type=\"button.default\">\n\t\t\t\t<div class=\"elementor-widget-container\">\n\t\t\t\t\t\t\t\t\t<div class=\"elementor-button-wrapper\">\n\t\t\t\t\t<a class=\"elementor-button elementor-button-link elementor-size-sm\" href=\"https:\/\/gestaorenascer.com.br\/cearcursos\/cursorecorrente.php\">\n\t\t\t\t\t\t<span class=\"elementor-button-content-wrapper\">\n\t\t\t\t\t\t<span class=\"elementor-button-icon\">\n\t\t\t\t<i aria-hidden=\"true\" class=\"fas fa-arrow-right\"><\/i>\t\t\t<\/span>\n\t\t\t\t\t\t\t\t\t<span class=\"elementor-button-text\">Quero Contratar<\/span>\n\t\t\t\t\t<\/span>\n\t\t\t\t\t<\/a>\n\t\t\t\t<\/div>\n\t\t\t\t\t\t\t\t<\/div>\n\t\t\t\t<\/div>\n\t\t\t\t\t<\/div>\n\t\t<\/div>\n\t\t\t\t<div class=\"elementor-column elementor-col-50 elementor-inner-column elementor-element elementor-element-8e22a22\" data-id=\"8e22a22\" data-element_type=\"column\" data-settings=\"{&quot;background_background&quot;:&quot;classic&quot;}\">\n\t\t\t<div class=\"elementor-widget-wrap elementor-element-populated\">\n\t\t\t\t\t\t<div class=\"elementor-element elementor-element-0640b91 elementor-widget elementor-widget-heading\" data-id=\"0640b91\" data-element_type=\"widget\" data-widget_type=\"heading.default\">\n\t\t\t\t<div class=\"elementor-widget-container\">\n\t\t\t\t\t<h4 class=\"elementor-heading-title elementor-size-default\">O que voc\u00ea vai aprender?<\/h4>\t\t\t\t<\/div>\n\t\t\t\t<\/div>\n\t\t\t\t<div class=\"elementor-element elementor-element-64c9d7d elementor-widget elementor-widget-text-editor\" data-id=\"64c9d7d\" data-element_type=\"widget\" data-widget_type=\"text-editor.default\">\n\t\t\t\t<div class=\"elementor-widget-container\">\n\t\t\t\t\t\t\t\t\t<p>Aprenda a dan\u00e7ar com os melhores profissionais da \u00e1rea da dan\u00e7a. Aulas com princ\u00edpios crist\u00e3os na sala apropriada na Sede da igreja Renascer Mooca em S\u00e3o Paulo, local com estacionamento gratuito.<\/p><p>Escola exclusiva em S\u00e3o Paulo.<br \/><strong>Endere\u00e7o:<\/strong>\u00a0Rua Doutor Almeida Lima, 1.290 &#8211; Mooca &#8211; SP<\/p>\t\t\t\t\t\t\t\t<\/div>\n\t\t\t\t<\/div>\n\t\t\t\t<div class=\"elementor-element elementor-element-1252690 elementor-widget elementor-widget-spacer\" data-id=\"1252690\" data-element_type=\"widget\" data-widget_type=\"spacer.default\">\n\t\t\t\t<div class=\"elementor-widget-container\">\n\t\t\t\t\t\t\t<div class=\"elementor-spacer\">\n\t\t\t<div class=\"elementor-spacer-inner\"><\/div>\n\t\t<\/div>\n\t\t\t\t\t\t<\/div>\n\t\t\t\t<\/div>\n\t\t\t\t<div class=\"elementor-element elementor-element-fe202c5 elementor-widget elementor-widget-heading\" data-id=\"fe202c5\" data-element_type=\"widget\" data-widget_type=\"heading.default\">\n\t\t\t\t<div class=\"elementor-widget-container\">\n\t\t\t\t\t<h4 class=\"elementor-heading-title elementor-size-default\">Aulas<\/h4>\t\t\t\t<\/div>\n\t\t\t\t<\/div>\n\t\t\t\t<div class=\"elementor-element elementor-element-fbe0379 elementor-widget elementor-widget-text-editor\" data-id=\"fbe0379\" data-element_type=\"widget\" data-widget_type=\"text-editor.default\">\n\t\t\t\t<div class=\"elementor-widget-container\">\n\t\t\t\t\t\t\t\t\t<p>As aulas s\u00e3o realizadas por uma equipe de professores crist\u00e3os formados e capacitados em cada \u00e1rea espec\u00edfica.<\/p>\t\t\t\t\t\t\t\t<\/div>\n\t\t\t\t<\/div>\n\t\t\t\t\t<\/div>\n\t\t<\/div>\n\t\t\t\t\t<\/div>\n\t\t<\/section>\n\t\t\t\t\t<\/div>\n\t\t<\/div>\n\t\t\t\t\t<\/div>\n\t\t<\/section>\n\t\t\t\t<\/div>\n\t\t","protected":false},"excerpt":{"rendered":"<p>Cursos UniRenascer Escola Praise de Dan\u00e7a Escola de dan\u00e7a pioneira no Brasil com princ\u00edpios crist\u00e3os a mais de 20 anos.Idealizada e dirigida por John e Carol<span class=\"excerpt-hellip\"> [\u2026]<\/span><\/p>\n","protected":false},"author":1,"featured_media":0,"parent":146,"menu_order":0,"comment_status":"open","ping_status":"closed","template":"","meta":{"footnotes":""},"class_list":["post-984","page","type-page","status-publish","hentry"],"_links":{"self":[{"href":"https:\/\/unirenascer.com\/br\/wp-json\/wp\/v2\/pages\/984","targetHints":{"allow":["GET"]}}],"collection":[{"href":"https:\/\/unirenascer.com\/br\/wp-json\/wp\/v2\/pages"}],"about":[{"href":"https:\/\/unirenascer.com\/br\/wp-json\/wp\/v2\/types\/page"}],"author":[{"embeddable":true,"href":"https:\/\/unirenascer.com\/br\/wp-json\/wp\/v2\/users\/1"}],"replies":[{"embeddable":true,"href":"https:\/\/unirenascer.com\/br\/wp-json\/wp\/v2\/comments?post=984"}],"version-history":[{"count":5,"href":"https:\/\/unirenascer.com\/br\/wp-json\/wp\/v2\/pages\/984\/revisions"}],"predecessor-version":[{"id":1788,"href":"https:\/\/unirenascer.com\/br\/wp-json\/wp\/v2\/pages\/984\/revisions\/1788"}],"up":[{"embeddable":true,"href":"https:\/\/unirenascer.com\/br\/wp-json\/wp\/v2\/pages\/146"}],"wp:attachment":[{"href":"https:\/\/unirenascer.com\/br\/wp-json\/wp\/v2\/media?parent=984"}],"curies":[{"name":"wp","href":"https:\/\/api.w.org\/{rel}","templated":true}]}}

Escola Praise de Dança

<div data-elementor-type="wp-page" data-elementor-id="984" class="elementor elementor-984" data-elementor-post-type="page">
						<section class="elementor-section elementor-top-section elementor-element elementor-element-d6e02f3 elementor-section-full_width elementor-section-stretched elementor-section-height-default elementor-section-height-default" data-id="d6e02f3" data-element_type="section" data-settings="{&quot;stretch_section&quot;:&quot;section-stretched&quot;}">
						<div class="elementor-container elementor-column-gap-wider">
					<div class="elementor-column elementor-col-100 elementor-top-column elementor-element elementor-element-f7d8893" data-id="f7d8893" data-element_type="column" data-settings="{&quot;background_background&quot;:&quot;classic&quot;}">
			<div class="elementor-widget-wrap elementor-element-populated">
						<section class="elementor-section elementor-inner-section elementor-element elementor-element-745b2fd elementor-section-boxed elementor-section-height-default elementor-section-height-default" data-id="745b2fd" data-element_type="section">
						<div class="elementor-container elementor-column-gap-default">
					<div class="elementor-column elementor-col-100 elementor-inner-column elementor-element elementor-element-e01fdf5" data-id="e01fdf5" data-element_type="column">
			<div class="elementor-widget-wrap elementor-element-populated">
						<div class="elementor-element elementor-element-7ca8858 elementor-widget__width-auto elementor-widget elementor-widget-heading" data-id="7ca8858" data-element_type="widget" data-widget_type="heading.default">
				<div class="elementor-widget-container">
					<h6 class="elementor-heading-title elementor-size-default">Cursos UniRenascer</h6>				</div>
				</div>
				<div class="elementor-element elementor-element-4cc0f03 elementor-widget elementor-widget-spacer" data-id="4cc0f03" data-element_type="widget" data-widget_type="spacer.default">
				<div class="elementor-widget-container">
							<div class="elementor-spacer">
			<div class="elementor-spacer-inner"></div>
		</div>
						</div>
				</div>
				<div class="elementor-element elementor-element-9632d07 elementor-widget__width-initial elementor-widget elementor-widget-heading" data-id="9632d07" data-element_type="widget" data-widget_type="heading.default">
				<div class="elementor-widget-container">
					<h1 class="elementor-heading-title elementor-size-default">Escola Praise de Dança</h1>				</div>
				</div>
					</div>
		</div>
					</div>
		</section>
				<section class="elementor-section elementor-inner-section elementor-element elementor-element-94b3743 elementor-section-boxed elementor-section-height-default elementor-section-height-default" data-id="94b3743" data-element_type="section">
						<div class="elementor-container elementor-column-gap-default">
					<div class="elementor-column elementor-col-100 elementor-inner-column elementor-element elementor-element-c67065a" data-id="c67065a" data-element_type="column">
			<div class="elementor-widget-wrap elementor-element-populated">
						<div class="elementor-element elementor-element-32a271e elementor-widget elementor-widget-text-editor" data-id="32a271e" data-element_type="widget" data-widget_type="text-editor.default">
				<div class="elementor-widget-container">
									<p>Escola de dança pioneira no Brasil com princípios cristãos a mais de 20 anos.<br />Idealizada e dirigida por John e Carol Bassi, referências na dança no Brasil e diversos países.<br />Cada instrutor e profissional selecionado para ministrar as aulas são escolhidos com critérios para garantir a qualidade e excelência em cada aula e atividade proposta.<br />É o centro de capacitação em dança oficial da igreja Renascer em Cristo e com cobertura administrativa da UniRenascer.<br />Agrega alunos de diferentes idades e aberto para todas as denominações e quem deseja se aprimorar nas variadas técnicas da dança.</p>								</div>
				</div>
					</div>
		</div>
					</div>
		</section>
					</div>
		</div>
					</div>
		</section>
				<section class="elementor-section elementor-top-section elementor-element elementor-element-63177d2 elementor-section-stretched elementor-section-boxed elementor-section-height-default elementor-section-height-default" data-id="63177d2" data-element_type="section" data-settings="{&quot;stretch_section&quot;:&quot;section-stretched&quot;}">
						<div class="elementor-container elementor-column-gap-wider">
					<div class="elementor-column elementor-col-100 elementor-top-column elementor-element elementor-element-e04cd8e" data-id="e04cd8e" data-element_type="column">
			<div class="elementor-widget-wrap elementor-element-populated">
						<section class="elementor-section elementor-inner-section elementor-element elementor-element-5a8c8f1 elementor-section-content-middle elementor-section-boxed elementor-section-height-default elementor-section-height-default" data-id="5a8c8f1" data-element_type="section">
						<div class="elementor-container elementor-column-gap-default">
					<div class="elementor-column elementor-col-50 elementor-inner-column elementor-element elementor-element-f54f012" data-id="f54f012" data-element_type="column" data-settings="{&quot;background_background&quot;:&quot;classic&quot;}">
			<div class="elementor-widget-wrap elementor-element-populated">
						<div class="elementor-element elementor-element-ddb433e elementor-widget elementor-widget-heading" data-id="ddb433e" data-element_type="widget" data-widget_type="heading.default">
				<div class="elementor-widget-container">
					<h4 class="elementor-heading-title elementor-size-default">Para quem é esse curso?</h4>				</div>
				</div>
				<div class="elementor-element elementor-element-0da7a97 elementor-widget elementor-widget-text-editor" data-id="0da7a97" data-element_type="widget" data-widget_type="text-editor.default">
				<div class="elementor-widget-container">
									<ul><li>Para todas as idades e níveis técnicos.</li></ul>								</div>
				</div>
				<div class="elementor-element elementor-element-d8b3393 elementor-widget elementor-widget-spacer" data-id="d8b3393" data-element_type="widget" data-widget_type="spacer.default">
				<div class="elementor-widget-container">
							<div class="elementor-spacer">
			<div class="elementor-spacer-inner"></div>
		</div>
						</div>
				</div>
				<div class="elementor-element elementor-element-dd38a34 elementor-widget elementor-widget-heading" data-id="dd38a34" data-element_type="widget" data-widget_type="heading.default">
				<div class="elementor-widget-container">
					<h4 class="elementor-heading-title elementor-size-default">Diretores artísticos</h4>				</div>
				</div>
				<div class="elementor-element elementor-element-56585ce elementor-widget elementor-widget-text-editor" data-id="56585ce" data-element_type="widget" data-widget_type="text-editor.default">
				<div class="elementor-widget-container">
									<p>Bispo John e Pastora Carol Bassi</p>								</div>
				</div>
				<div class="elementor-element elementor-element-4f2c8ee elementor-widget elementor-widget-spacer" data-id="4f2c8ee" data-element_type="widget" data-widget_type="spacer.default">
				<div class="elementor-widget-container">
							<div class="elementor-spacer">
			<div class="elementor-spacer-inner"></div>
		</div>
						</div>
				</div>
				<div class="elementor-element elementor-element-bedd513 elementor-widget elementor-widget-heading" data-id="bedd513" data-element_type="widget" data-widget_type="heading.default">
				<div class="elementor-widget-container">
					<h4 class="elementor-heading-title elementor-size-default">Contratação</h4>				</div>
				</div>
				<div class="elementor-element elementor-element-d0491bb elementor-widget elementor-widget-text-editor" data-id="d0491bb" data-element_type="widget" data-widget_type="text-editor.default">
				<div class="elementor-widget-container">
									<p>As aulas podem ser contratadas com cobrança recorrente, acessando o link abaixo.</p>								</div>
				</div>
				<div class="elementor-element elementor-element-41fcafd elementor-mobile-align-center elementor-widget elementor-widget-button" data-id="41fcafd" data-element_type="widget" data-widget_type="button.default">
				<div class="elementor-widget-container">
									<div class="elementor-button-wrapper">
					<a class="elementor-button elementor-button-link elementor-size-sm" href="https://gestaorenascer.com.br/cearcursos/cursorecorrente.php">
						<span class="elementor-button-content-wrapper">
						<span class="elementor-button-icon">
				<i aria-hidden="true" class="fas fa-arrow-right"></i>			</span>
									<span class="elementor-button-text">Quero Contratar</span>
					</span>
					</a>
				</div>
								</div>
				</div>
					</div>
		</div>
				<div class="elementor-column elementor-col-50 elementor-inner-column elementor-element elementor-element-8e22a22" data-id="8e22a22" data-element_type="column" data-settings="{&quot;background_background&quot;:&quot;classic&quot;}">
			<div class="elementor-widget-wrap elementor-element-populated">
						<div class="elementor-element elementor-element-0640b91 elementor-widget elementor-widget-heading" data-id="0640b91" data-element_type="widget" data-widget_type="heading.default">
				<div class="elementor-widget-container">
					<h4 class="elementor-heading-title elementor-size-default">O que você vai aprender?</h4>				</div>
				</div>
				<div class="elementor-element elementor-element-64c9d7d elementor-widget elementor-widget-text-editor" data-id="64c9d7d" data-element_type="widget" data-widget_type="text-editor.default">
				<div class="elementor-widget-container">
									<p>Aprenda a dançar com os melhores profissionais da área da dança. Aulas com princípios cristãos na sala apropriada na Sede da igreja Renascer Mooca em São Paulo, local com estacionamento gratuito.</p><p>Escola exclusiva em São Paulo.<br /><strong>Endereço:</strong> Rua Doutor Almeida Lima, 1.290 &#8211; Mooca &#8211; SP</p>								</div>
				</div>
				<div class="elementor-element elementor-element-1252690 elementor-widget elementor-widget-spacer" data-id="1252690" data-element_type="widget" data-widget_type="spacer.default">
				<div class="elementor-widget-container">
							<div class="elementor-spacer">
			<div class="elementor-spacer-inner"></div>
		</div>
						</div>
				</div>
				<div class="elementor-element elementor-element-fe202c5 elementor-widget elementor-widget-heading" data-id="fe202c5" data-element_type="widget" data-widget_type="heading.default">
				<div class="elementor-widget-container">
					<h4 class="elementor-heading-title elementor-size-default">Aulas</h4>				</div>
				</div>
				<div class="elementor-element elementor-element-fbe0379 elementor-widget elementor-widget-text-editor" data-id="fbe0379" data-element_type="widget" data-widget_type="text-editor.default">
				<div class="elementor-widget-container">
									<p>As aulas são realizadas por uma equipe de professores cristãos formados e capacitados em cada área específica.</p>								</div>
				</div>
					</div>
		</div>
					</div>
		</section>
					</div>
		</div>
					</div>
		</section>
				</div>

<p>Cursos UniRenascer Escola Praise de Dança Escola de dança pioneira no Brasil com princípios cristãos a mais de 20 anos.Idealizada e dirigida por John e Carol<span class="excerpt-hellip"> […]</span></p>
